
1319
Suppose -5*x = f - 4 + 18, 3*x + 28 = -2*f. List the prime factors of (0 - f)/((-1)/(-9)).
2, 3, 7
Let p(z) = z**3 - 38*z**2 + 81*z - 31. Let m(u) = 37*u**3 - 2*u**2 + 2. Let l be m(1). What are the prime factors of p(l)?
1597
Suppose 175*o = 186*o - 66995 - 308281. List the prime factors of o.
2, 3, 2843
List the prime factors of ((-4)/(-18) + (-111594)/(-108))/((-60)/(-120)).
3, 13, 53
Let n(f) be the first derivative of -7*f**4/2 + 5*f**3/3 + 3*f**2/2 - 3*f - 1. Let k(a) = -93*a - 467. Let s be k(-5). List the prime factors of n(s).
3, 41
Let g(o) = 341*o**3 - 4*o**2 - 7*o + 1. Let r(l) = l**3 + l**2 + l - 1. Let t(u) = -g(u) - 3*r(u). What are the prime factors of t(-1)?
7
Let y be (108/(-72))/(6/(-28)). Suppose -y*r + 724 = -5*r. What are the prime factors of r?
2, 181
Let o(p) = -p**2 + 9*p - 2. Let d be o(-8). Let j = 1261 - d. What are the prime factors of j?
1399
Let b = -641 + 657. Suppose -b*i - 6528 = -33*i. List the prime factors of i.
2, 3
Let x = -29 + 26. Let r = x + 5. Let d = r + 2. What are the prime factors of d?
2
Let c = 3351 - -2499. List the prime factors of c.
2, 3, 5, 13
Let r(w) = 9*w - 8. Let b(i) = -i + 1. Let d(a) = -4*b(a) + r(a). Let x be d(6). Suppose 0 = 2*v - 4*t - 148, 2*v - 2*t = 3*v - x. List the prime factors of v.
2, 5, 7
Suppose 13 = 4*z + a, 5*a = -3*z - 2*z + 20. Suppose -5*p - 750 = -2430. Suppose -z*s = 3*s - p. What are the prime factors of s?
2, 7
Let h(x) = 15*x**2 - 61*x + 30. What are the prime factors of h(22)?
2, 1487
Suppose 0 = h + 311*z - 314*z - 11181, 22326 = 2*h + 3*z. What are the prime factors of h?
3, 17, 73
Suppose 3*p - 73*y - 177207 = -76*y, -p = -2*y - 59090. What are the prime factors of p?
2, 3, 547
Let s be (-2 - 3)/(-1 + 0). Suppose s*l = -3*y + 391 + 782, 2*y - 795 = l. List the prime factors of y.
2, 3, 11
Let v(l) = 11*l + 211. Let i be v(-19). Suppose -1688 = -3*x - i*u, 5*x - 2*u = 2363 + 477. What are the prime factors of x?
2, 283
Suppose 36*r - 319464 = -9*r + 11*r. List the prime factors of r.
2, 3, 29
Let a = 168 + -21. Let n = -143 + a. List the prime factors of 902/4*1 - 2/n.
3, 5
Suppose -3*f + 2*d + 142 = -73, -d - 72 = -f. Suppose 7*i - 1 = -f. Let m = 91 + i. What are the prime factors of m?
3
Let m(a) = a**3 + 7*a**2 + 7. Let w be m(-7). Let j be (7/(-2))/w*0. Suppose j = 3*g + 3, -2*z + 81 = -2*g + 7*g. List the prime factors of z.
43
Suppose 157 = 4*f + y, -151 = -4*f + 2*y + 3*y. Suppose -f*n + 46*n - 1127 = 0. List the prime factors of n.
7, 23
Let b = 55 + -35. Let x = -1175 - -1275. Let d = x - b. List the prime factors of d.
2, 5
Let q = -238 - -222. List the prime factors of -102*(3 + q/4).
2, 3, 17
Suppose -25 = -4*f + 35. Let y(a) = a**3 - 14*a**2 - 11*a + 12. Let w be y(f). Let v = 101 - w. What are the prime factors of v?
29
Suppose 0 = -5*j + 15, 0*s + 5*s - 3*j = -1329. Let h = 407 - s. What are the prime factors of h?
11, 61
Let g(l) = -63*l - 45. Let f be ((-9)/6)/(30/100). What are the prime factors of g(f)?
2, 3, 5
Suppose 5*q = 10*q - 1230. Let r = -100 + q. List the prime factors of r.
2, 73
Let t = 20768 + 12043. List the prime factors of t.
3, 10937
Suppose -3*j - 3*s + 21 = 3, 2*j = 2*s. List the prime factors of 179/j + 110/(-165).
59
Let r = -57 + 26. Let p = r - -18. Let m(s) = -s**2 - 15*s + 15. What are the prime factors of m(p)?
41
Suppose -1385*q - 1475682 = -1411*q. What are the prime factors of q?
3, 18919
Suppose -2*x = 4*d - 12, -22 = -x - 4*x - 2*d. Let s be (576/(-4) + x)*(-6)/8. List the prime factors of 0 - (4 + s/(-1)).
101
Let j = -47952 + 68286. List the prime factors of j.
2, 3, 3389
Suppose 607 = -2*z + 5*w - 0*w, 306 = -z + 3*w. List the prime factors of -1*(-6 + 8) - 1*z.
17
Let t(r) = -10*r + 4. Let d(m) = m**2 - 6*m - 21. Let l be d(9). Suppose l*s + 39 = -39. What are the prime factors of t(s)?
2, 67
Suppose -212 + 3047 = 3*y. Let p = y + -366. What are the prime factors of p?
3, 193
Let m(i) = 2016*i - 8170. List the prime factors of m(15).
2, 5, 2207
Suppose -8*h + 6*h = 4. Let l be (381/h)/((-1)/(20/6)). Suppose l + 110 = 5*k. List the prime factors of k.
149
Let r(o) = -o**3 + 23*o**2 - 42*o. Let w be r(21). List the prime factors of 587 - w - (10 - 16).
593
What are the prime factors of ((-1204)/(-10))/((-81)/(-14175))?
2, 5, 7, 43
Let u(c) = 2*c + 2*c**2 - 2*c + 0*c**2 + 276. Suppose 3*r + 21 = -4*v + 30, -4*r = 3*v - 12. List the prime factors of u(v).
2, 3, 23
Suppose -l - 4 = 0, 2*o = 3*o - 2*l - 128. What are the prime factors of o/660 - ((-4924)/22 - 0)?
2, 7
Let y(v) = 261*v + 293. List the prime factors of y(10).
2903
What are the prime factors of (14859 - 11) + -1 + -8?
11, 19, 71
Suppose -4*o - 13*o = 3145. Let s = -34 - o. What are the prime factors of s?
151
Suppose 0 = -50*f - 87*f - 64*f + 1273737. What are the prime factors of f?
6337
Let z = -389 - -399. Suppose 3248 = -z*y + 17*y. What are the prime factors of y?
2, 29
Suppose -10*w + 75 = 15. Suppose -5*t + 10 = 0, 3*a - t + w*t - 1111 = 0. What are the prime factors of a?
367
Let t(g) be the third derivative of 0*g - 1/8*g**4 + 0 - 10*g**2 + 29/30*g**5 - 1/3*g**3. List the prime factors of t(-1).
59
Suppose 0 = -6933*n + 6949*n - 237072. List the prime factors of n.
3, 11, 449
Suppose -20*x - 12*x + 96 = 0. Suppose -2243 = -4*b - 3*f, x*b - 33*f - 1682 = -35*f. What are the prime factors of b?
2, 5, 7
Suppose 3333 + 67317 = 5*f. Suppose -34975 - f = -35*b. What are the prime factors of b?
23, 61
Let i = -215 + 673. Suppose -15*m + 13*m = -i. What are the prime factors of m?
229
What are the prime factors of (16 - (-58)/(-4))*28*87 + 1?
5, 17, 43
Let p be 1/(-6) - 485592/(-144). Suppose -8*k = -2*k - p. List the prime factors of k.
2, 281
Suppose 0 = -x - 0*x + 4*p + 9, -2*x + 6 = 4*p. Suppose 2*c + x*z - 36 = 0, 2*c - z - 38 = -5*z. What are the prime factors of c?
23
Suppose -53*l - 1528517 + 319452 = -148*l. What are the prime factors of l?
11, 13, 89
Let b(r) = -4*r**2 - 9*r + 6. Let s(w) = 4*w**2 + 8*w - 6. Suppose 14 + 4 = 5*t + q, 3*q = 3*t. Let a(l) = t*s(l) + 2*b(l). List the prime factors of a(-6).
2, 3, 17
Let y(b) = -163*b - 43. Let n be y(-8). Let m = n + -884. What are the prime factors of m?
13, 29
Suppose 58 + 97 = 31*k. Let r = -18 - -150. Let n = k + r. What are the prime factors of n?
137
Let q = 1224 - -419. What are the prime factors of q?
31, 53
Let b = 4258 - 2313. Let j = -1387 + b. What are the prime factors of j?
2, 3, 31
Suppose 2*k - 5*k = 0. Suppose k = -3*l + 4*l - 338. Suppose 2*j = -5*u + 4*u + 334, u + l = 2*j. List the prime factors of j.
2, 3, 7
List the prime factors of ((-3861)/(-66))/(3 - (-11556)/(-3856)).
2, 3, 13, 241
Let j(s) = -2*s**3 - 29*s**2 - 26*s + 33. What are the prime factors of j(-20)?
3, 13, 127
Let m(u) = 9101*u + 9267. What are the prime factors of m(6)?
3, 47, 151
Let d(c) be the third derivative of 2*c**4 - c**3 + 12*c**2. Let l be d(6). Let w = -197 + l. List the prime factors of w.
5, 17
Let o(u) = 4*u**2 + 14*u + 12. Let q = 59 - 55. Let z be ((-6)/q)/((-9)/(-36)). List the prime factors of o(z).
2, 3
Let b = 387 + -1314. Let x = b + 1376. List the prime factors of x.
449
Let o(k) = 7*k**2 - 19*k - 9 - 35 + 8. What are the prime factors of o(-6)?
2, 3, 5, 11
Let c = 29788 + -14027. What are the prime factors of c?
15761
Let d = 99715 - 47618. What are the prime factors of d?
59, 883
Suppose 0*p + 57*p - 531240 = 0. List the prime factors of p.
2, 5, 233
Suppose 4*v + 6*z - 68 = z, -28 = -v - 4*z. Let i(s) = s**3 + 5*s**2 + 4*s - 3. Let x be i(-4). What are the prime factors of 249/x*(-13 + v)?
83
Let c be 1 - (-6)/(-8) - 11370/(-120). Suppose 2*f - c = 1. Suppose -63 - f = -3*v. List the prime factors of v.
37
Suppose 6231 - 355 = -13*f. Let b = f + 666. List the prime factors of b.
2, 107
Let a be 0 + -4 + 390/13. Let s = -135 + a. Let m = s - -203. What are the prime factors of m?
2, 47
Suppose 0 = j - 5*l, -j - 3*j = 5*l. Let k be 0 - 1 - 2 - (-371 + j). Let z = k + -248. List the prime factors of z.
2, 3, 5
Suppose -2*n + 1 = -3. Suppose 0 = -2*l - 4*b + 82 + 4, 0 = -n*l - 5*b + 83. Let w = l + 13. What are the prime factors of w?
2, 31
Let k = 150 + -136. List the prime factors of (868/21 + k)/(4/18).
3, 83
Let u be (85/(-68))/(2/(-168))*1. Suppose 290*m - 285*m = 